{"id":2,"date":"2024-03-23T09:54:35","date_gmt":"2024-03-23T08:54:35","guid":{"rendered":"http:\/\/aibuta.fr\/?page_id=2"},"modified":"2024-08-05T07:26:58","modified_gmt":"2024-08-05T05:26:58","slug":"page-d-exemple","status":"publish","type":"page","link":"https:\/\/aibuta.fr\/","title":{"rendered":"Home"},"content":{"rendered":"\t\t<div data-elementor-type=\"wp-page\" data-elementor-id=\"2\" class=\"elementor elementor-2\" data-elementor-post-type=\"page\">\n\t\t\t\t<div class=\"elementor-element elementor-element-6e2af5e bdt-backdrop-filter-yes e-flex e-con-boxed e-con e-parent\" data-id=\"6e2af5e\" data-element_type=\"container\" data-settings=\"{&quot;background_background&quot;:&quot;classic&quot;}\">\n\t\t\t\t\t<div class=\"e-con-inner\">\n\t\t<div class=\"elementor-element elementor-element-1a68b64 e-con-full e-flex e-con e-child\" data-id=\"1a68b64\" data-element_type=\"container\">\n\t\t\t\t<div class=\"elementor-element elementor-element-7687c99 elementor-widget__width-initial elementor-widget elementor-widget-heading\" data-id=\"7687c99\" data-element_type=\"widget\" data-widget_type=\"heading.default\">\n\t\t\t\t<div class=\"elementor-widget-container\">\n\t\t\t<h2 class=\"elementor-heading-title elementor-size-default\">Chatbot automatis\u00e9 pour d\u00e9velopper votre entreprise !<\/h2>\t\t<\/div>\n\t\t\t\t<\/div>\n\t\t\t\t<\/div>\n\t\t<div class=\"elementor-element elementor-element-402578f e-con-full e-flex e-con e-child\" data-id=\"402578f\" data-element_type=\"container\">\n\t\t\t\t<div class=\"elementor-element elementor-element-e46f4b6 elementor-widget__width-initial elementor-widget elementor-widget-heading\" data-id=\"e46f4b6\" data-element_type=\"widget\" data-widget_type=\"heading.default\">\n\t\t\t\t<div class=\"elementor-widget-container\">\n\t\t\t<h2 class=\"elementor-heading-title elementor-size-default\">La solutions IA pour plus de profit dans les affaires<\/h2>\t\t<\/div>\n\t\t\t\t<\/div>\n\t\t\t\t<\/div>\n\t\t<div class=\"elementor-element elementor-element-828aa4d e-con-full e-flex e-con e-child\" data-id=\"828aa4d\" data-element_type=\"container\">\n\t\t\t\t<div class=\"elementor-element elementor-element-cf57344 elementor-headline--style-rotate elementor-widget elementor-widget-animated-headline\" data-id=\"cf57344\" data-element_type=\"widget\" data-settings=\"{&quot;headline_style&quot;:&quot;rotate&quot;,&quot;animation_type&quot;:&quot;clip&quot;,&quot;rotating_text&quot;:&quot;Chatbot personalis\\u00e9\\nConsulting\\nTraining\\nAutomation \\nContent Generation\\nApp Dev&quot;,&quot;loop&quot;:&quot;yes&quot;,&quot;rotate_iteration_delay&quot;:2500}\" data-widget_type=\"animated-headline.default\">\n\t\t\t\t<div class=\"elementor-widget-container\">\n\t\t\t\t\t<h3 class=\"elementor-headline elementor-headline-animation-type-clip\">\n\t\t\t\t\t<span class=\"elementor-headline-plain-text elementor-headline-text-wrapper\">AI<\/span>\n\t\t\t\t<span class=\"elementor-headline-dynamic-wrapper elementor-headline-text-wrapper\">\n\t\t\t\t\t<span class=\"elementor-headline-dynamic-text elementor-headline-text-active\">\n\t\t\t\tChatbot&nbsp;personalis\u00e9\t\t\t<\/span>\n\t\t\t\t\t<span class=\"elementor-headline-dynamic-text\">\n\t\t\t\tConsulting\t\t\t<\/span>\n\t\t\t\t\t<span class=\"elementor-headline-dynamic-text\">\n\t\t\t\tTraining\t\t\t<\/span>\n\t\t\t\t\t<span class=\"elementor-headline-dynamic-text\">\n\t\t\t\tAutomation&nbsp;\t\t\t<\/span>\n\t\t\t\t\t<span class=\"elementor-headline-dynamic-text\">\n\t\t\t\tContent&nbsp;Generation\t\t\t<\/span>\n\t\t\t\t\t<span class=\"elementor-headline-dynamic-text\">\n\t\t\t\tApp&nbsp;Dev\t\t\t<\/span>\n\t\t\t\t\t\t<\/span>\n\t\t\t\t<\/h3>\n\t\t\t\t<\/div>\n\t\t\t\t<\/div>\n\t\t\t\t<\/div>\n\t\t<div class=\"elementor-element elementor-element-1749c8c e-con-full e-flex e-con e-child\" data-id=\"1749c8c\" data-element_type=\"container\">\n\t\t\t\t<div class=\"elementor-element elementor-element-0a4a5b5 elementor-widget__width-initial elementor-widget-mobile__width-initial elementor-widget elementor-widget-text-editor\" data-id=\"0a4a5b5\" data-element_type=\"widget\" data-widget_type=\"text-editor.default\">\n\t\t\t\t<div class=\"elementor-widget-container\">\n\t\t\t\t\t\t\t<p>Explorez les possibilit\u00e9s de transformer votre entreprise avec notre expertise en intelligence artificielle. De chatbots sur mesure \u00e0 l&rsquo;automatisation des donn\u00e9es et au d\u00e9veloppement de logiciels, nous boostons votre productivit\u00e9 et efficacit\u00e9. Engagez-vous dans la voie de la digitalisation et surpassez vos concurrents !<\/p>\t\t\t\t\t\t<\/div>\n\t\t\t\t<\/div>\n\t\t\t\t<\/div>\n\t\t<div class=\"elementor-element elementor-element-0b14255 e-con-full e-flex e-con e-child\" data-id=\"0b14255\" data-element_type=\"container\">\n\t\t\t\t<div class=\"elementor-element elementor-element-f8e34d8 elementor-button-info elementor-widget-mobile__width-inherit elementor-widget elementor-widget-button\" data-id=\"f8e34d8\" data-element_type=\"widget\" data-widget_type=\"button.default\">\n\t\t\t\t<div class=\"elementor-widget-container\">\n\t\t\t\t\t<div class=\"elementor-button-wrapper\">\n\t\t\t<a class=\"elementor-button elementor-button-link elementor-size-sm\" href=\"#\">\n\t\t\t\t\t\t<span class=\"elementor-button-content-wrapper\">\n\t\t\t\t\t\t\t\t\t<span class=\"elementor-button-text\">Contactez nous<\/span>\n\t\t\t\t\t<\/span>\n\t\t\t\t\t<\/a>\n\t\t<\/div>\n\t\t\t\t<\/div>\n\t\t\t\t<\/div>\n\t\t\t\t<\/div>\n\t\t\t\t\t<\/div>\n\t\t\t\t<\/div>\n\t\t<div class=\"elementor-element elementor-element-a6325fe e-con-full e-transform e-flex e-con e-parent\" data-id=\"a6325fe\" data-element_type=\"container\" data-settings=\"{&quot;background_background&quot;:&quot;classic&quot;,&quot;_transform_scale_effect_mobile&quot;:{&quot;unit&quot;:&quot;px&quot;,&quot;size&quot;:0,&quot;sizes&quot;:[]},&quot;_transform_scale_effect&quot;:{&quot;unit&quot;:&quot;px&quot;,&quot;size&quot;:&quot;&quot;,&quot;sizes&quot;:[]},&quot;_transform_scale_effect_tablet&quot;:{&quot;unit&quot;:&quot;px&quot;,&quot;size&quot;:&quot;&quot;,&quot;sizes&quot;:[]}}\">\n\t\t<div class=\"elementor-element elementor-element-98f1159 e-con-full e-flex e-con e-child\" data-id=\"98f1159\" data-element_type=\"container\">\n\t\t\t\t<div class=\"elementor-element elementor-element-6def7d1 elementor-hidden-mobile elementor-widget elementor-widget-image\" data-id=\"6def7d1\" data-element_type=\"widget\" data-widget_type=\"image.default\">\n\t\t\t\t<div class=\"elementor-widget-container\">\n\t\t\t\t\t\t\t\t\t\t\t\t\t<img fetchpriority=\"high\" decoding=\"async\" width=\"400\" height=\"400\" src=\"https:\/\/aibuta.fr\/wp-content\/uploads\/2024\/08\/2.png\" class=\"attachment-large size-large wp-image-318\" alt=\"aiBUTA\" srcset=\"https:\/\/aibuta.fr\/wp-content\/uploads\/2024\/08\/2.png 400w, https:\/\/aibuta.fr\/wp-content\/uploads\/2024\/08\/2-300x300.png 300w, https:\/\/aibuta.fr\/wp-content\/uploads\/2024\/08\/2-150x150.png 150w, https:\/\/aibuta.fr\/wp-content\/uploads\/2024\/08\/2-100x100.png 100w, https:\/\/aibuta.fr\/wp-content\/uploads\/2024\/08\/2-200x200.png 200w\" sizes=\"(max-width: 400px) 100vw, 400px\" \/>\t\t\t\t\t\t\t\t\t\t\t\t\t<\/div>\n\t\t\t\t<\/div>\n\t\t\t\t<\/div>\n\t\t<div class=\"elementor-element elementor-element-4a9c28d e-con-full elementor-hidden-tablet elementor-hidden-mobile e-flex e-con e-child\" data-id=\"4a9c28d\" data-element_type=\"container\">\n\t\t\t\t<\/div>\n\t\t<div class=\"elementor-element elementor-element-ed31d5a e-con-full e-flex e-con e-child\" data-id=\"ed31d5a\" data-element_type=\"container\">\n\t\t\t\t<div class=\"elementor-element elementor-element-951b86a elementor-widget__width-initial elementor-widget elementor-widget-text-editor\" data-id=\"951b86a\" data-element_type=\"widget\" data-widget_type=\"text-editor.default\">\n\t\t\t\t<div class=\"elementor-widget-container\">\n\t\t\t\t\t\t\t<p class=\"cvGsUA direction-ltr align-justify para-style-body\"><strong><span class=\"OYPEnA text-decoration-none text-strikethrough-none\">Intelligence Artificielle pour tous<\/span><\/strong><\/p><p class=\"cvGsUA direction-ltr align-justify para-style-body\"><span class=\"OYPEnA text-decoration-none text-strikethrough-none\">AI Business Transformer Agency &#8211; AIBUTA- propose une introduction compl\u00e8te \u00e0 l&rsquo;IA pour les entreprises, les administrations publiques, les ONG incluant des consultations strat\u00e9giques, l&rsquo;int\u00e9gration de solutions d&rsquo;IA comme ChatGPT, et le d\u00e9veloppement de solutions personnalis\u00e9es. Nous aidons les entreprises \u00e0 comprendre comment l&rsquo;IA peut r\u00e9soudre leurs probl\u00e8mes sp\u00e9cifiques, am\u00e9liorer l&rsquo;efficacit\u00e9 et stimuler l&rsquo;innovation.<\/span><\/p>\t\t\t\t\t\t<\/div>\n\t\t\t\t<\/div>\n\t\t\t\t<\/div>\n\t\t\t\t<\/div>\n\t\t<div class=\"elementor-element elementor-element-7c9546d e-flex e-con-boxed e-con e-parent\" data-id=\"7c9546d\" data-element_type=\"container\">\n\t\t\t\t\t<div class=\"e-con-inner\">\n\t\t\t\t<div class=\"elementor-element elementor-element-lgbyIm2 elementor-widget elementor-widget-heading\" data-id=\"lgbyIm2\" data-element_type=\"widget\" data-widget_type=\"heading.default\">\n\t\t\t\t<div class=\"elementor-widget-container\">\n\t\t\t<h5 class=\"elementor-heading-title elementor-size-default\">AIBUTA  une sollution de transformation num\u00e9rique<\/h5>\t\t<\/div>\n\t\t\t\t<\/div>\n\t\t\t\t\t<\/div>\n\t\t\t\t<\/div>\n\t\t<div class=\"elementor-element elementor-element-f1bb961 e-flex e-con-boxed e-con e-parent\" data-id=\"f1bb961\" data-element_type=\"container\">\n\t\t\t\t\t<div class=\"e-con-inner\">\n\t\t\t\t<div class=\"elementor-element elementor-element-9k1mkCq elementor-widget elementor-widget-heading\" data-id=\"9k1mkCq\" data-element_type=\"widget\" data-widget_type=\"heading.default\">\n\t\t\t\t<div class=\"elementor-widget-container\">\n\t\t\t<h2 class=\"elementor-heading-title elementor-size-default\">Expertise en IA Generative<\/h2>\t\t<\/div>\n\t\t\t\t<\/div>\n\t\t\t\t\t<\/div>\n\t\t\t\t<\/div>\n\t\t<div class=\"elementor-element elementor-element-2f180ed e-flex e-con-boxed e-con e-parent\" data-id=\"2f180ed\" data-element_type=\"container\">\n\t\t\t\t\t<div class=\"e-con-inner\">\n\t\t<div class=\"elementor-element elementor-element-9719482 e-con-full e-flex e-con e-child\" data-id=\"9719482\" data-element_type=\"container\">\n\t\t\t\t<div class=\"elementor-element elementor-element-9566487 elementor-position-top elementor-widget elementor-widget-image-box\" data-id=\"9566487\" data-element_type=\"widget\" data-widget_type=\"image-box.default\">\n\t\t\t\t<div class=\"elementor-widget-container\">\n\t\t\t<div class=\"elementor-image-box-wrapper\"><figure class=\"elementor-image-box-img\"><img decoding=\"async\" width=\"400\" height=\"400\" src=\"https:\/\/aibuta.fr\/wp-content\/uploads\/2024\/08\/8-1.png\" class=\"attachment-full size-full wp-image-332\" alt=\"\" srcset=\"https:\/\/aibuta.fr\/wp-content\/uploads\/2024\/08\/8-1.png 400w, https:\/\/aibuta.fr\/wp-content\/uploads\/2024\/08\/8-1-300x300.png 300w, https:\/\/aibuta.fr\/wp-content\/uploads\/2024\/08\/8-1-150x150.png 150w, https:\/\/aibuta.fr\/wp-content\/uploads\/2024\/08\/8-1-100x100.png 100w, https:\/\/aibuta.fr\/wp-content\/uploads\/2024\/08\/8-1-200x200.png 200w\" sizes=\"(max-width: 400px) 100vw, 400px\" \/><\/figure><div class=\"elementor-image-box-content\"><h3 class=\"elementor-image-box-title\">IA Assistant-Chatbot<\/h3><p class=\"elementor-image-box-description\">Cr\u00e9er  un service client exceptionnel avec nos chatbots intelligents, disponibles 24\/7 pour r\u00e9pondre aux questions et r\u00e9soudre les probl\u00e8mes.<\/p><\/div><\/div>\t\t<\/div>\n\t\t\t\t<\/div>\n\t\t\t\t<\/div>\n\t\t<div class=\"elementor-element elementor-element-0468db8 e-con-full e-flex e-con e-child\" data-id=\"0468db8\" data-element_type=\"container\">\n\t\t\t\t<div class=\"elementor-element elementor-element-75a3f02 elementor-position-top elementor-widget elementor-widget-image-box\" data-id=\"75a3f02\" data-element_type=\"widget\" data-widget_type=\"image-box.default\">\n\t\t\t\t<div class=\"elementor-widget-container\">\n\t\t\t<div class=\"elementor-image-box-wrapper\"><figure class=\"elementor-image-box-img\"><img decoding=\"async\" width=\"400\" height=\"400\" src=\"https:\/\/aibuta.fr\/wp-content\/uploads\/2024\/08\/3.png\" class=\"attachment-full size-full wp-image-319\" alt=\"\" srcset=\"https:\/\/aibuta.fr\/wp-content\/uploads\/2024\/08\/3.png 400w, https:\/\/aibuta.fr\/wp-content\/uploads\/2024\/08\/3-300x300.png 300w, https:\/\/aibuta.fr\/wp-content\/uploads\/2024\/08\/3-150x150.png 150w, https:\/\/aibuta.fr\/wp-content\/uploads\/2024\/08\/3-100x100.png 100w, https:\/\/aibuta.fr\/wp-content\/uploads\/2024\/08\/3-200x200.png 200w\" sizes=\"(max-width: 400px) 100vw, 400px\" \/><\/figure><div class=\"elementor-image-box-content\"><h3 class=\"elementor-image-box-title\">IA Formation<\/h3><p class=\"elementor-image-box-description\">Acc\u00e9l\u00e9rer votre transition vers l'IA avec nos programmes de formation sp\u00e9cialis\u00e9s, con\u00e7us pour d\u00e9mystifier l'IA et vous armer des comp\u00e9tences n\u00e9cessaires pour r\u00e9ussir<\/p><\/div><\/div>\t\t<\/div>\n\t\t\t\t<\/div>\n\t\t\t\t<\/div>\n\t\t<div class=\"elementor-element elementor-element-e4fe768 e-con-full e-flex e-con e-child\" data-id=\"e4fe768\" data-element_type=\"container\">\n\t\t\t\t<div class=\"elementor-element elementor-element-ae6b027 elementor-position-top elementor-widget elementor-widget-image-box\" data-id=\"ae6b027\" data-element_type=\"widget\" data-widget_type=\"image-box.default\">\n\t\t\t\t<div class=\"elementor-widget-container\">\n\t\t\t<div class=\"elementor-image-box-wrapper\"><figure class=\"elementor-image-box-img\"><img loading=\"lazy\" decoding=\"async\" width=\"400\" height=\"400\" src=\"https:\/\/aibuta.fr\/wp-content\/uploads\/2024\/08\/18.png\" class=\"attachment-full size-full wp-image-342\" alt=\"\" srcset=\"https:\/\/aibuta.fr\/wp-content\/uploads\/2024\/08\/18.png 400w, https:\/\/aibuta.fr\/wp-content\/uploads\/2024\/08\/18-300x300.png 300w, https:\/\/aibuta.fr\/wp-content\/uploads\/2024\/08\/18-150x150.png 150w, https:\/\/aibuta.fr\/wp-content\/uploads\/2024\/08\/18-100x100.png 100w, https:\/\/aibuta.fr\/wp-content\/uploads\/2024\/08\/18-200x200.png 200w\" sizes=\"(max-width: 400px) 100vw, 400px\" \/><\/figure><div class=\"elementor-image-box-content\"><h3 class=\"elementor-image-box-title\">IA D\u00e9veloppement de Logiciels<\/h3><p class=\"elementor-image-box-description\">Cr\u00e9er des solutions logicielles sur mesure pour r\u00e9pondre aux besoins sp\u00e9cifiques de l\u2019administration publique, avec une efficacit\u00e9 accrue gr\u00e2ce \u00e0 l'IA.<\/p><\/div><\/div>\t\t<\/div>\n\t\t\t\t<\/div>\n\t\t\t\t<\/div>\n\t\t<div class=\"elementor-element elementor-element-01fe133 e-con-full e-flex e-con e-child\" data-id=\"01fe133\" data-element_type=\"container\">\n\t\t\t\t<div class=\"elementor-element elementor-element-48af11a elementor-position-top elementor-widget elementor-widget-image-box\" data-id=\"48af11a\" data-element_type=\"widget\" data-widget_type=\"image-box.default\">\n\t\t\t\t<div class=\"elementor-widget-container\">\n\t\t\t<div class=\"elementor-image-box-wrapper\"><figure class=\"elementor-image-box-img\"><img loading=\"lazy\" decoding=\"async\" width=\"400\" height=\"400\" src=\"https:\/\/aibuta.fr\/wp-content\/uploads\/2024\/08\/17.png\" class=\"attachment-full size-full wp-image-341\" alt=\"\" srcset=\"https:\/\/aibuta.fr\/wp-content\/uploads\/2024\/08\/17.png 400w, https:\/\/aibuta.fr\/wp-content\/uploads\/2024\/08\/17-300x300.png 300w, https:\/\/aibuta.fr\/wp-content\/uploads\/2024\/08\/17-150x150.png 150w, https:\/\/aibuta.fr\/wp-content\/uploads\/2024\/08\/17-100x100.png 100w, https:\/\/aibuta.fr\/wp-content\/uploads\/2024\/08\/17-200x200.png 200w\" sizes=\"(max-width: 400px) 100vw, 400px\" \/><\/figure><div class=\"elementor-image-box-content\"><h3 class=\"elementor-image-box-title\">IA Automatisation des Donn\u00e9es <\/h3><p class=\"elementor-image-box-description\">Lib\u00e9rer le potentiel de vos donn\u00e9es avec notre solution d'automatisation des donn\u00e9es AI, permettant des analyses approfondies et des d\u00e9cisions strat\u00e9giques.<\/p><\/div><\/div>\t\t<\/div>\n\t\t\t\t<\/div>\n\t\t\t\t<\/div>\n\t\t<div class=\"elementor-element elementor-element-8e9b8b6 e-con-full e-flex e-con e-child\" data-id=\"8e9b8b6\" data-element_type=\"container\">\n\t\t\t\t<div class=\"elementor-element elementor-element-f46ee61 elementor-position-top elementor-widget elementor-widget-image-box\" data-id=\"f46ee61\" data-element_type=\"widget\" data-widget_type=\"image-box.default\">\n\t\t\t\t<div class=\"elementor-widget-container\">\n\t\t\t<div class=\"elementor-image-box-wrapper\"><figure class=\"elementor-image-box-img\"><img loading=\"lazy\" decoding=\"async\" width=\"400\" height=\"400\" src=\"https:\/\/aibuta.fr\/wp-content\/uploads\/2024\/08\/10.png\" class=\"attachment-full size-full wp-image-326\" alt=\"\" srcset=\"https:\/\/aibuta.fr\/wp-content\/uploads\/2024\/08\/10.png 400w, https:\/\/aibuta.fr\/wp-content\/uploads\/2024\/08\/10-300x300.png 300w, https:\/\/aibuta.fr\/wp-content\/uploads\/2024\/08\/10-150x150.png 150w, https:\/\/aibuta.fr\/wp-content\/uploads\/2024\/08\/10-100x100.png 100w, https:\/\/aibuta.fr\/wp-content\/uploads\/2024\/08\/10-200x200.png 200w\" sizes=\"(max-width: 400px) 100vw, 400px\" \/><\/figure><div class=\"elementor-image-box-content\"><h3 class=\"elementor-image-box-title\">IA Syst\u00e8me de G\u00e9n\u00e9ration de Contenu<\/h3><p class=\"elementor-image-box-description\">Cr\u00e9er du contenu captivant et pertinent en un clin d'\u0153il gr\u00e2ce \u00e0 notre syst\u00e8me de g\u00e9n\u00e9ration de contenu aliment\u00e9 par l'IA.<\/p><\/div><\/div>\t\t<\/div>\n\t\t\t\t<\/div>\n\t\t\t\t<\/div>\n\t\t<div class=\"elementor-element elementor-element-a61ca5b e-con-full e-flex e-con e-child\" data-id=\"a61ca5b\" data-element_type=\"container\">\n\t\t\t\t<div class=\"elementor-element elementor-element-f40317b elementor-position-top elementor-widget elementor-widget-image-box\" data-id=\"f40317b\" data-element_type=\"widget\" data-widget_type=\"image-box.default\">\n\t\t\t\t<div class=\"elementor-widget-container\">\n\t\t\t<div class=\"elementor-image-box-wrapper\"><figure class=\"elementor-image-box-img\"><img loading=\"lazy\" decoding=\"async\" width=\"400\" height=\"400\" src=\"https:\/\/aibuta.fr\/wp-content\/uploads\/2024\/08\/18.png\" class=\"attachment-full size-full wp-image-342\" alt=\"\" srcset=\"https:\/\/aibuta.fr\/wp-content\/uploads\/2024\/08\/18.png 400w, https:\/\/aibuta.fr\/wp-content\/uploads\/2024\/08\/18-300x300.png 300w, https:\/\/aibuta.fr\/wp-content\/uploads\/2024\/08\/18-150x150.png 150w, https:\/\/aibuta.fr\/wp-content\/uploads\/2024\/08\/18-100x100.png 100w, https:\/\/aibuta.fr\/wp-content\/uploads\/2024\/08\/18-200x200.png 200w\" sizes=\"(max-width: 400px) 100vw, 400px\" \/><\/figure><div class=\"elementor-image-box-content\"><h3 class=\"elementor-image-box-title\">IA Consulting<\/h3><p class=\"elementor-image-box-description\">B\u00e9n\u00e9ficier de l'expertise de notre \u00e9quipe pour \u00e9laborer une strat\u00e9gie AI personnalis\u00e9e et maximiser les avantages de l'intelligence artificielle dans vos t\u00e2ches<\/p><\/div><\/div>\t\t<\/div>\n\t\t\t\t<\/div>\n\t\t\t\t<\/div>\n\t\t<div class=\"elementor-element elementor-element-e834633 e-con-full e-flex e-con e-child\" data-id=\"e834633\" data-element_type=\"container\">\n\t\t\t\t<\/div>\n\t\t<div class=\"elementor-element elementor-element-1a6711e e-con-full e-flex e-con e-child\" data-id=\"1a6711e\" data-element_type=\"container\">\n\t\t\t\t<\/div>\n\t\t<div class=\"elementor-element elementor-element-2b6ba24 e-con-full e-flex e-con e-child\" data-id=\"2b6ba24\" data-element_type=\"container\">\n\t\t\t\t<\/div>\n\t\t<div class=\"elementor-element elementor-element-60b845e e-con-full e-flex e-con e-child\" data-id=\"60b845e\" data-element_type=\"container\">\n\t\t\t\t<\/div>\n\t\t<div class=\"elementor-element elementor-element-3416c6a e-con-full e-flex e-con e-child\" data-id=\"3416c6a\" data-element_type=\"container\">\n\t\t\t\t<\/div>\n\t\t\t\t\t<\/div>\n\t\t\t\t<\/div>\n\t\t\t\t<\/div>\n\t\t","protected":false},"excerpt":{"rendered":"<p>Chatbot automatis\u00e9 pour d\u00e9velopper votre entreprise ! La solutions IA pour plus de profit dans les affaires AI Chatbot&nbsp;personalis\u00e9 Consulting Training Automation&nbsp; Content&nbsp;Generation App&nbsp;Dev Explorez les possibilit\u00e9s de transformer votre entreprise avec notre expertise en intelligence artificielle. De chatbots sur &hellip;<\/p>\n<p class=\"read-more\"> <a class=\"more-link\" href=\"https:\/\/aibuta.fr\/\"> <span class=\"screen-reader-text\">Home<\/span> Read More &raquo;<\/a><\/p>\n","protected":false},"author":1,"featured_media":0,"parent":0,"menu_order":0,"comment_status":"closed","ping_status":"open","template":"elementor_canvas","meta":{"_monsterinsights_skip_tracking":false,"_monsterinsights_sitenote_active":false,"_monsterinsights_sitenote_note":"","_monsterinsights_sitenote_category":0,"footnotes":""},"class_list":["post-2","page","type-page","status-publish","hentry"],"aioseo_notices":[],"featured_image_src":"","featured_image_src_square":false,"rbea_author_info":{"display_name":"aibuta.fr","author_link":"https:\/\/aibuta.fr\/index.php\/author\/aibuta-fr\/"},"rbea_excerpt_info":"Chatbot automatis\u00e9 pour d\u00e9velopper votre entreprise ! La solutions IA pour plus de profit dans les affaires AI Chatbot&nbsp;personalis\u00e9 Consulting Training Automation&nbsp; Content&nbsp;Generation App&nbsp;Dev Explorez les possibilit\u00e9s de transformer votre entreprise avec notre expertise en intelligence artificielle. De chatbots sur &hellip;<p class=\"read-more\"> <a class=\"more-link\" href=\"https:\/\/aibuta.fr\/\"> <span class=\"screen-reader-text\">Home<\/span> Read More &raquo;<\/a><\/p>","_links":{"self":[{"href":"https:\/\/aibuta.fr\/index.php\/wp-json\/wp\/v2\/pages\/2","targetHints":{"allow":["GET"]}}],"collection":[{"href":"https:\/\/aibuta.fr\/index.php\/wp-json\/wp\/v2\/pages"}],"about":[{"href":"https:\/\/aibuta.fr\/index.php\/wp-json\/wp\/v2\/types\/page"}],"author":[{"embeddable":true,"href":"https:\/\/aibuta.fr\/index.php\/wp-json\/wp\/v2\/users\/1"}],"replies":[{"embeddable":true,"href":"https:\/\/aibuta.fr\/index.php\/wp-json\/wp\/v2\/comments?post=2"}],"version-history":[{"count":185,"href":"https:\/\/aibuta.fr\/index.php\/wp-json\/wp\/v2\/pages\/2\/revisions"}],"predecessor-version":[{"id":374,"href":"https:\/\/aibuta.fr\/index.php\/wp-json\/wp\/v2\/pages\/2\/revisions\/374"}],"wp:attachment":[{"href":"https:\/\/aibuta.fr\/index.php\/wp-json\/wp\/v2\/media?parent=2"}],"curies":[{"name":"wp","href":"https:\/\/api.w.org\/{rel}","templated":true}]}}